{"id":1388,"date":"2015-05-28T20:43:19","date_gmt":"2015-05-28T19:43:19","guid":{"rendered":"http:\/\/www.guion78.com\/wordpress\/?page_id=1388"},"modified":"2018-06-15T21:42:25","modified_gmt":"2018-06-15T19:42:25","slug":"informativa-privacy-e-cookie","status":"publish","type":"page","link":"https:\/\/www.guion78.com\/wordpress\/informativa-privacy-e-cookie\/","title":{"rendered":"PRIVACY\/COOKIE"},"content":{"rendered":"<p><strong>Tipi di dati trattati<\/strong><\/p>\n<p><strong><em>Dati di navigazione<\/em><\/strong><\/p>\n<p style=\"text-align: justify;\">I sistemi informatici e le procedure software preposte al funzionamento di questo sito web acquisiscono, nel corso del loro normale esercizio, alcuni dati personali la cui trasmissione \u00e8 implicita nell\u2019uso dei protocolli di comunicazione di Internet. Si tratta di informazioni che non sono raccolte per essere associate a interessati identificati. In questa categoria di dati rientrano gli indirizzi IP o i nomi a dominio dei computer utilizzati dagli utenti che si connettono al sito, gli indirizzi in notazione URI (Uniform Resource Identifier) delle risorse richieste, l\u2019orario della richiesta, il metodo utilizzato nel sottoporre la richiesta al server, la dimensione del file ottenuto in risposta, il codice numerico indicante lo stato della risposta data dal server (buon fine, errore, ecc.). Vengono raccolti anche referer (la pagina da cui si proviene), user agent (tipologia e versione del browser) e protocollo (ad es: http\/1.0, oppure http\/1.1). Questi dati vengono utilizzati al solo fine di ricavare informazioni statistiche anonime sull\u2019uso del sito e per controllarne il corretto funzionamento.<\/p>\n<p style=\"text-align: justify;\">I dati di navigazione, conservati come prevede la normativa in materia, potrebbero essere utilizzati, se disponibili all\u2019atto della richiesta delle Autorit\u00e0 competenti, per l\u2019accertamento di responsabilit\u00e0 in caso di ipotetici reati informatici ai danni del sito.<\/p>\n<p><em><strong>Dati forniti volontariamente dall\u2019utente<\/strong><\/em><\/p>\n<p style=\"text-align: justify;\">L\u2019invio volontario ed esplicito di corrispondenza elettronica agli indirizzi indicati in questo sito comporta l\u2019acquisizione dell\u2019indirizzo del mittente e dei dati personali eventualmente inseriti nella menzionata corrispondenza.<br \/>\nI dati medesimi vengono trattati dal sottoscritto al solo fine di portare a termine la corrispondenza a cui si riferisce, e non saranno comunicati a soggetti estranei all\u2019elaborazione degli stessi.<\/p>\n<p><strong>Modalit\u00e0 del Trattamento<\/strong><\/p>\n<p>I dati personali sono trattati con strumenti automatizzati per il tempo strettamente necessario a conseguire gli scopi per cui sono stati raccolti.<\/p>\n<p><strong>Diritti degli interessati<\/strong>\u00a0<a name=\"cookie\"><\/a><\/p>\n<p style=\"text-align: justify;\">I soggetti cui si riferiscono i dati personali hanno il diritto in qualunque momento di ottenere la conferma dell\u2019esistenza o meno dei medesimi dati e di conoscerne il contenuto e l\u2019origine, verificarne l\u2019esattezza o chiederne l\u2019integrazione o l\u2019aggiornamento, oppure la rettifica secondo quanto previsto dall\u2019articolo 7 del decreto legislativo 196\/2003. Ai sensi del medesimo articolo 7, gli interessati hanno diritto di chiedere la cancellazione, la trasformazione in forma anonima o il blocco dei dati trattati in violazione di legge, nonch\u00e9 di opporsi in ogni caso, per motivi legittimi, al loro trattamento.<\/p>\n<p>\u00a0<\/p>\n<h3>Informativa estesa sull\u2019uso dei cookie<\/h3>\n<p style=\"text-align: justify;\">Il presente sito web utilizza cookie \u00a0tecnici per garantire il corretto funzionamento delle procedure e migliorare l\u2019esperienza di uso delle applicazioni online. Il presente documento fornisce informazioni sull\u2019uso dei cookie e di tecnologie similari, su come sono utilizzati dal sito e su come gestirli.<\/p>\n<p><strong>Definizioni<\/strong><\/p>\n<p style=\"text-align: justify;\">I cookie sono piccoli file di testo che i siti visitati dagli utenti inviano ai loro terminali, ove vengono memorizzati per essere poi ritrasmessi agli stessi siti alla visita successiva. I cookie delle c.d. \u201cterze parti\u201d vengono, invece, impostati da un sito web diverso da quello che l\u2019utente sta visitando. Questo perch\u00e9 su ogni sito possono essere presenti elementi (immagini, mappe, suoni, specifici link a pagine web di altri domini, ecc.) che risiedono su server diversi da quello del sito visitato.<\/p>\n<p><strong>Tipologie di cookie<\/strong><\/p>\n<p>In base alle caratteristiche e all\u2019utilizzo dei cookie si possono distinguere diverse categorie:<\/p>\n<ul>\n<li><strong>Cookie tecnici. <\/strong>I cookie tecnici sono quelli utilizzati al solo fine di \u201ceffettuare la trasmissione di una comunicazione su una rete di comunicazione elettronica, o nella misura strettamente necessaria al fornitore di un servizio della societ\u00e0 dell\u2019informazione esplicitamente richiesto dall\u2019abbonato o dall\u2019utente a erogare tale servizio\u201d (cfr. art. 122, comma 1, del Codice). Essi non vengono utilizzati per scopi ulteriori e sono normalmente installati direttamente dal titolare o gestore del sito web. Possono essere suddivisi in cookie <strong>di navigazione o di sessione<\/strong>, che garantiscono la normale navigazione e fruizione del sito web;<strong> cookie analytics<\/strong>, assimilati ai cookie tecnici laddove utilizzati direttamente dal gestore del sito per raccogliere informazioni, in forma aggregata, sul numero degli utenti e su come questi visitano il sito stesso; <strong>cookie di funzionalit\u00e0<\/strong>, che permettono all\u2019utente la navigazione in funzione di una serie di criteri selezionati al fine di migliorare il servizio reso allo stesso. <strong>Per l\u2019installazione di tali cookie non \u00e8 richiesto il preventivo consenso degli utenti<\/strong>, mentre resta fermo l\u2019obbligo di dare l\u2019informativa ai sensi dell\u2019art. 13 del Codice, che il gestore del sito, qualora utilizzi soltanto tali dispositivi, potr\u00e0 fornire con le modalit\u00e0 che ritiene pi\u00f9 idonee.<\/li>\n<li><strong>Cookie di profilazione<\/strong>. I cookie di profilazione sono volti a creare profili relativi all\u2019utente e vengono utilizzati al fine di inviare messaggi pubblicitari in linea con le preferenze manifestate dallo stesso nell\u2019ambito della navigazione in rete. In ragione della particolare invasivit\u00e0 che tali dispositivi possono avere nell\u2019ambito della sfera privata degli utenti, la normativa europea e italiana prevede che l\u2019utente debba essere adeguatamente informato sull\u2019uso degli stessi ed esprimere cos\u00ec il proprio valido consenso. Ad essi si riferisce l\u2019art. 122 del Codice laddove prevede che \u201cl\u2019archiviazione delle informazioni nell\u2019apparecchio terminale di un contraente o di un utente o l\u2019accesso a informazioni gi\u00e0 archiviate sono consentiti unicamente a condizione che il contraente o l\u2019utente abbia espresso il proprio consenso dopo essere stato informato con le modalit\u00e0 semplificate di cui all\u2019articolo 13, comma 3\u201d (art. 122, comma 1, del Codice). <strong>Il presente sito non utilizza cookie di profilazione.<\/strong><\/li>\n<\/ul>\n<p><strong>Cookie di \u201cterze parti\u201d<\/strong><\/p>\n<p style=\"text-align: justify;\">Visitando il presente sito web si possono ricevere cookie da siti gestiti da altre organizzazioni (\u201cterze parti\u201d). Un esempio \u00e8 rappresentato dalla presenza dei \u201c<strong>social plugin<\/strong>\u201d per Facebook, Twitter e LinkedIn, oppure sistemi di visualizzazione di contenuti multimediali <strong>embedded<\/strong> (integrati) come ad esempio Youtube, Flikr. Si tratta di parti generate direttamente dai suddetti siti ed integrati nella pagina web del sito ospitante visitato. La presenza di questi\u00a0<em>plugin<\/em>\u00a0comporta la trasmissione di cookie da e verso tutti i siti gestiti da terze parti. La gestione delle informazioni raccolte da \u201cterze parti\u201d \u00e8\u00a0disciplinata dalle relative informative cui si prega di fare riferimento. Per garantire una maggiore trasparenza e comodit\u00e0, si riportano qui di seguito\u00a0gli indirizzi web delle diverse informative e delle modalit\u00e0 per la gestione dei cookie.<\/p>\n<p>Twitter informative:\u00a0<a class=\"blank\" href=\"https:\/\/support.twitter.com\/articles\/20170514\">https:\/\/support.twitter.com\/articles\/20170514<\/a><\/p>\n<p>Twitter (configurazione):\u00a0<a class=\"blank\" href=\"https:\/\/twitter.com\/settings\/security\">https:\/\/twitter.com\/settings\/security<\/a><\/p>\n<p>Youtube, Google+, Google Maps informativa:\u00a0<a class=\"blank\" href=\"http:\/\/www.google.it\/intl\/it\/policies\/technologies\/cookies\/\">http:\/\/www.google.it\/intl\/it\/policies\/technologies\/cookies\/<\/a><\/p>\n<p>Youtube, Google+, Google Maps \u00a0(configurazione):\u00a0<a class=\"blank\" href=\"http:\/\/www.google.it\/intl\/it\/policies\/technologies\/managing\/\">http:\/\/www.google.it\/intl\/it\/policies\/technologies\/managing\/<\/a><\/p>\n<p><strong>Durata dei cookie<\/strong><\/p>\n<p style=\"text-align: justify;\">Alcuni cookie (cookie di sessione) restano attivi solo fino alla chiusura del\u00a0<em>browser<\/em>\u00a0o all\u2019esecuzione dell\u2019eventuale comando di\u00a0<em>logout<\/em>. Altri cookie \u201csopravvivono\u201d alla chiusura del\u00a0<em>browser<\/em>\u00a0e sono disponibili anche in successive visite dell\u2019utente. Questi cookie sono detti persistenti e la loro durata \u00e8 fissata dal server al momento della loro creazione. In alcuni casi \u00e8 fissata una scadenza, in altri casi la durata \u00e8 illimitata.<\/p>\n<p><strong>Gestione dei cookie<\/strong><\/p>\n<p style=\"text-align: justify;\">L\u2019utente pu\u00f2 decidere se accettare o meno i cookie utilizzando le impostazioni del proprio\u00a0<em>browser<\/em>.<br \/>\n<strong>Attenzione<\/strong>: con la disabilitazione totale o parziale dei cookie tecnici potrebbe compromettere l\u2019utilizzo ottimale del sito.<br \/>\nLa disabilitazione dei cookie \u201cterze parti\u201d non pregiudica in alcun modo la navigabilit\u00e0.<br \/>\nL\u2019impostazione pu\u00f2 essere definita in modo specifico per i diversi siti e applicazioni web. Inoltre i <em>browser<\/em>\u00a0consentono di definire impostazioni diverse per i cookie \u201cproprietari\u201d e per quelli di \u201cterze parti\u201d.<\/p>\n<p style=\"text-align: justify;\">A titolo di esempio, in Firefox, attraverso il menu\u00a0<em>Strumenti->Opzioni->Privacy<\/em>, \u00e8 possibile accedere ad un pannello di controllo dove \u00e8 possibile definire se accettare o meno i diversi tipi di cookie e procedere alla loro rimozione. In internet \u00e8 facilmente reperibile la documentazione su come impostare le regole di gestione dei cookies per il proprio browser, a titolo di esempio si riportano alcuni indirizzi relativi ai principali browser:<\/p>\n<p>Chrome:\u00a0<a class=\"blank\" href=\"https:\/\/support.google.com\/chrome\/answer\/95647?hl=it\">https:\/\/support.google.com\/chrome\/answer\/95647?hl=it<\/a><br \/>\nFirefox:\u00a0<a class=\"blank\" href=\"https:\/\/support.mozilla.org\/it\/kb\/Gestione%20dei%20cookie\">https:\/\/support.mozilla.org\/it\/kb\/Gestione%20dei%20cookie<\/a><br \/>\nInternet Explorer:\u00a0<a class=\"blank\" href=\"http:\/\/windows.microsoft.com\/it-it\/windows7\/how-to-manage-cookies-in-internet-explorer-9\">http:\/\/windows.microsoft.com\/it-it\/windows7\/how-to-manage-cookies-in-internet-explorer-9<\/a><br \/>\nOpera:\u00a0<a class=\"blank\" href=\"http:\/\/help.opera.com\/Windows\/10.00\/it\/cookies.html\">http:\/\/help.opera.com\/Windows\/10.00\/it\/cookies.html<\/a><br \/>\nSafari:\u00a0<a class=\"blank\" href=\"http:\/\/support.apple.com\/kb\/HT1677?viewlocale=it_IT\">http:\/\/support.apple.com\/kb\/HT1677?viewlocale=it_IT<\/a><\/p>\n<p><strong>Cookie statistici di terze parti:<\/strong><\/p>\n<p>Questo sito utilizza le statistiche di accesso offerto gratuitamente da Cookie StatisticheGratis, qu\u00ec sotto \u00e8 possibile scegliere di non essere tracciato o meno \/check attivo=tracciato check disattivo=non tracciato:<\/p>\n<p><iframe src=\"http:\/\/www.statistichegratis.net\/stats\/index.php?module=CoreAdminHome&action=optOut&language=it\" width=\"600px\" height=\"200px\" frameborder=\"no\"><\/iframe><\/p>\n<h2>Chi siamo<\/h2>\n<p>L\u2019indirizzo del nostro sito web \u00e8: http:\/\/www.guion78.com\/.<\/p>\n<h2>Quali dati personali raccogliamo e perch\u00e9 li raccogliamo<\/h2>\n<h3>Commenti<\/h3>\n<p>Quando i visitatori lasciano commenti sul sito, raccogliamo i dati mostrati nel modulo dei commenti oltre all\u2019indirizzo IP del visitatore e la stringa dello user agent del browser per facilitare il rilevamento dello spam.<\/p>\n<p>Una stringa anonimizzata creata a partire dal tuo indirizzo email (altrimenti detta hash) pu\u00f2 essere fornita al servizio Gravatar per vedere se lo stai usando. La privacy policy del servizio Gravatar \u00e8 disponibile qui: https:\/\/automattic.com\/privacy\/. Dopo l\u2019approvazione del tuo commento, la tua immagine del profilo \u00e8 visibile al pubblico nel contesto del tuo commento.<\/p>\n<h3>Media<\/h3>\n<p>Se carichi immagini sul sito web, dovresti evitare di caricare immagini che includono i dati di posizione incorporati (EXIF GPS). I visitatori del sito web possono scaricare ed estrarre qualsiasi dato sulla posizione dalle immagini sul sito web.<\/p>\n<h3>Modulo di contatto<\/h3>\n<h3>Cookie<\/h3>\n<p>Se lasci un commento sul nostro sito, puoi scegliere di salvare il tuo nome, indirizzo email e sito web nei cookie. Sono usati per la tua comodit\u00e0 in modo che tu non debba inserire nuovamente i tuoi dati quando lasci un altro commento. Questi cookie dureranno per un anno.<\/p>\n<p>Se hai un account e accedi a questo sito, verr\u00e0 impostato un cookie temporaneo per determinare se il tuo browser accetta i cookie. Questo cookie non contiene dati personali e viene eliminato quando chiudi il browser.<\/p>\n<p>Quando effettui l\u2019accesso, verranno impostati diversi cookie per salvare le tue informazioni di accesso e le tue opzioni di visualizzazione dello schermo. I cookie di accesso durano due giorni mentre i cookie per le opzioni dello schermo durano un anno. Se selezioni \u201cRicordami\u201d, il tuo accesso persister\u00e0 per due settimane. Se esci dal tuo account, i cookie di accesso verranno rimossi.<\/p>\n<p>Se modifichi o pubblichi un articolo, un cookie aggiuntivo verr\u00e0 salvato nel tuo browser. Questo cookie non include dati personali, ma indica semplicemente l\u2019ID dell\u2019articolo appena modificato. Scade dopo 1 giorno.<\/p>\n<h3>Contenuto incorporato da altri siti web<\/h3>\n<p>Gli articoli su questo sito possono includere contenuti incorporati (ad esempio video, immagini, articoli, ecc.). I contenuti incorporati da altri siti web si comportano esattamente allo stesso modo come se il visitatore avesse visitato l\u2019altro sito web.<\/p>\n<p>Questi siti web possono raccogliere dati su di te, usare cookie, integrare ulteriori tracciamenti di terze parti e monitorare l\u2019interazione con quel contenuto incorporato, incluso il tracciamento della tua interazione con il contenuto incorporato se hai un account e hai effettuato l\u2019accesso a quel sito web.<\/p>\n<h2>Akismet<\/h2>\n<div class=\"policy-text hide-privacy-policy-tutorial\">Raccogliamo informazioni sui visitatori che commentano il sito e che usano il nostro servizio Akismet anti-spam. Le informazioni raccolte dipendono da come l\u2019utente ha impostato Akismet, ma normalmente le informazioni includono l\u2019indirizzo IP di chi commenta, lo user agent, il referrer, e l\u2019URL del sito (insieme ad altre informazioni fornite direttamente dall\u2019utente che commenta, come nome, username, indirizzo email, e il testo stesso del commento).<\/div>\n<h3>Analytics<\/h3>\n<h2>Con chi condividiamo i tuoi dati<\/h2>\n<h2>Per quanto tempo conserviamo i tuoi dati<\/h2>\n<p>Se lasci un commento, il commento e i relativi metadati vengono conservati a tempo indeterminato. \u00c8 cos\u00ec che possiamo riconoscere e approvare automaticamente eventuali commenti successivi invece di tenerli in una coda di moderazione.<\/p>\n<p>Per gli utenti che si registrano sul nostro sito web (se presenti), memorizziamo anche le informazioni personali che forniscono nel loro profilo utente. Tutti gli utenti possono vedere, modificare o cancellare le loro informazioni personali in qualsiasi momento (eccetto il loro nome utente che non possono cambiare). Gli amministratori del sito web possono anche vedere e modificare queste informazioni.<\/p>\n<h2>Quali diritti hai sui tuoi dati<\/h2>\n<p>Se hai lasciato commenti, puoi richiedere di ricevere un file esportato dal sito con i dati personali che abbiamo su di te, compresi i dati che ci hai fornito. Puoi anche richiedere che cancelliamo tutti i dati personali che ti riguardano. Questo non include i dati che siamo obbligati a conservare per scopi amministrativi, legali o di sicurezza.<\/p>\n<h2>Dove spediamo i tuoi dati<\/h2>\n<p>I commenti dei visitatori possono essere controllati attraverso un servizio di rilevamento automatico dello spam.<\/p>\n","protected":false},"excerpt":{"rendered":"<p>Tipi di dati trattati Dati di navigazione I sistemi informatici e le procedure software preposte al funzionamento di questo sito web acquisiscono, nel corso del loro normale esercizio, alcuni dati personali la cui trasmissione \u00e8 implicita nell\u2019uso dei protocolli di comunicazione di Internet. Si tratta di informazioni che non sono raccolte per essere associate a [&hellip;]<\/p>\n","protected":false},"author":1,"featured_media":0,"parent":0,"menu_order":7,"comment_status":"closed","ping_status":"closed","template":"","meta":{"_bbp_topic_count":0,"_bbp_reply_count":0,"_bbp_total_topic_count":0,"_bbp_total_reply_count":0,"_bbp_voice_count":0,"_bbp_anonymous_reply_count":0,"_bbp_topic_count_hidden":0,"_bbp_reply_count_hidden":0,"_bbp_forum_subforum_count":0,"ngg_post_thumbnail":0,"footnotes":""},"class_list":["post-1388","page","type-page","status-publish","hentry"],"yoast_head":"<!-- This site is optimized with the Yoast SEO plugin v27.6 - https:\/\/yoast.com\/product\/yoast-seo-wordpress\/ -->\n<title>PRIVACY\/COOKIE - Guion Matteo<\/title>\n<meta name=\"robots\" content=\"index, follow, max-snippet:-1, max-image-preview:large, max-video-preview:-1\" \/>\n<link rel=\"canonical\" href=\"https:\/\/www.guion78.com\/wordpress\/informativa-privacy-e-cookie\/\" \/>\n<meta property=\"og:locale\" content=\"it_IT\" \/>\n<meta property=\"og:type\" content=\"article\" \/>\n<meta property=\"og:title\" content=\"PRIVACY\/COOKIE - Guion Matteo\" \/>\n<meta property=\"og:description\" content=\"Tipi di dati trattati Dati di navigazione I sistemi informatici e le procedure software preposte al funzionamento di questo sito web acquisiscono, nel corso del loro normale esercizio, alcuni dati personali la cui trasmissione \u00e8 implicita nell\u2019uso dei protocolli di comunicazione di Internet. Si tratta di informazioni che non sono raccolte per essere associate a [&hellip;]\" \/>\n<meta property=\"og:url\" content=\"https:\/\/www.guion78.com\/wordpress\/informativa-privacy-e-cookie\/\" \/>\n<meta property=\"og:site_name\" content=\"Guion Matteo\" \/>\n<meta property=\"article:publisher\" content=\"https:\/\/www.facebook.com\/BlogMatteoGuion\/\" \/>\n<meta property=\"article:modified_time\" content=\"2018-06-15T19:42:25+00:00\" \/>\n<meta name=\"twitter:label1\" content=\"Tempo di lettura stimato\" \/>\n\t<meta name=\"twitter:data1\" content=\"10 minuti\" \/>\n<script type=\"application\/ld+json\" class=\"yoast-schema-graph\">{\"@context\":\"https:\\\/\\\/schema.org\",\"@graph\":[{\"@type\":\"WebPage\",\"@id\":\"https:\\\/\\\/www.guion78.com\\\/wordpress\\\/informativa-privacy-e-cookie\\\/\",\"url\":\"https:\\\/\\\/www.guion78.com\\\/wordpress\\\/informativa-privacy-e-cookie\\\/\",\"name\":\"PRIVACY\\\/COOKIE - Guion Matteo\",\"isPartOf\":{\"@id\":\"https:\\\/\\\/www.guion78.com\\\/wordpress\\\/#website\"},\"datePublished\":\"2015-05-28T19:43:19+00:00\",\"dateModified\":\"2018-06-15T19:42:25+00:00\",\"breadcrumb\":{\"@id\":\"https:\\\/\\\/www.guion78.com\\\/wordpress\\\/informativa-privacy-e-cookie\\\/#breadcrumb\"},\"inLanguage\":\"it-IT\",\"potentialAction\":[{\"@type\":\"ReadAction\",\"target\":[\"https:\\\/\\\/www.guion78.com\\\/wordpress\\\/informativa-privacy-e-cookie\\\/\"]}]},{\"@type\":\"BreadcrumbList\",\"@id\":\"https:\\\/\\\/www.guion78.com\\\/wordpress\\\/informativa-privacy-e-cookie\\\/#breadcrumb\",\"itemListElement\":[{\"@type\":\"ListItem\",\"position\":1,\"name\":\"Home\",\"item\":\"https:\\\/\\\/www.guion78.com\\\/wordpress\\\/\"},{\"@type\":\"ListItem\",\"position\":2,\"name\":\"PRIVACY\\\/COOKIE\"}]},{\"@type\":\"WebSite\",\"@id\":\"https:\\\/\\\/www.guion78.com\\\/wordpress\\\/#website\",\"url\":\"https:\\\/\\\/www.guion78.com\\\/wordpress\\\/\",\"name\":\"Guion Matteo\",\"description\":\"Il Blog ? finalizzato a dare una mano nei problemi informatici di tutti i giorni a tutti quelli a cui pu\u00f2 essere utile, spiegato in modo semplice e passo a passo\",\"potentialAction\":[{\"@type\":\"SearchAction\",\"target\":{\"@type\":\"EntryPoint\",\"urlTemplate\":\"https:\\\/\\\/www.guion78.com\\\/wordpress\\\/?s={search_term_string}\"},\"query-input\":{\"@type\":\"PropertyValueSpecification\",\"valueRequired\":true,\"valueName\":\"search_term_string\"}}],\"inLanguage\":\"it-IT\"}]}<\/script>\n<!-- \/ Yoast SEO plugin. -->","yoast_head_json":{"title":"PRIVACY\/COOKIE - Guion Matteo","robots":{"index":"index","follow":"follow","max-snippet":"max-snippet:-1","max-image-preview":"max-image-preview:large","max-video-preview":"max-video-preview:-1"},"canonical":"https:\/\/www.guion78.com\/wordpress\/informativa-privacy-e-cookie\/","og_locale":"it_IT","og_type":"article","og_title":"PRIVACY\/COOKIE - Guion Matteo","og_description":"Tipi di dati trattati Dati di navigazione I sistemi informatici e le procedure software preposte al funzionamento di questo sito web acquisiscono, nel corso del loro normale esercizio, alcuni dati personali la cui trasmissione \u00e8 implicita nell\u2019uso dei protocolli di comunicazione di Internet. Si tratta di informazioni che non sono raccolte per essere associate a [&hellip;]","og_url":"https:\/\/www.guion78.com\/wordpress\/informativa-privacy-e-cookie\/","og_site_name":"Guion Matteo","article_publisher":"https:\/\/www.facebook.com\/BlogMatteoGuion\/","article_modified_time":"2018-06-15T19:42:25+00:00","twitter_misc":{"Tempo di lettura stimato":"10 minuti"},"schema":{"@context":"https:\/\/schema.org","@graph":[{"@type":"WebPage","@id":"https:\/\/www.guion78.com\/wordpress\/informativa-privacy-e-cookie\/","url":"https:\/\/www.guion78.com\/wordpress\/informativa-privacy-e-cookie\/","name":"PRIVACY\/COOKIE - Guion Matteo","isPartOf":{"@id":"https:\/\/www.guion78.com\/wordpress\/#website"},"datePublished":"2015-05-28T19:43:19+00:00","dateModified":"2018-06-15T19:42:25+00:00","breadcrumb":{"@id":"https:\/\/www.guion78.com\/wordpress\/informativa-privacy-e-cookie\/#breadcrumb"},"inLanguage":"it-IT","potentialAction":[{"@type":"ReadAction","target":["https:\/\/www.guion78.com\/wordpress\/informativa-privacy-e-cookie\/"]}]},{"@type":"BreadcrumbList","@id":"https:\/\/www.guion78.com\/wordpress\/informativa-privacy-e-cookie\/#breadcrumb","itemListElement":[{"@type":"ListItem","position":1,"name":"Home","item":"https:\/\/www.guion78.com\/wordpress\/"},{"@type":"ListItem","position":2,"name":"PRIVACY\/COOKIE"}]},{"@type":"WebSite","@id":"https:\/\/www.guion78.com\/wordpress\/#website","url":"https:\/\/www.guion78.com\/wordpress\/","name":"Guion Matteo","description":"Il Blog ? finalizzato a dare una mano nei problemi informatici di tutti i giorni a tutti quelli a cui pu\u00f2 essere utile, spiegato in modo semplice e passo a passo","potentialAction":[{"@type":"SearchAction","target":{"@type":"EntryPoint","urlTemplate":"https:\/\/www.guion78.com\/wordpress\/?s={search_term_string}"},"query-input":{"@type":"PropertyValueSpecification","valueRequired":true,"valueName":"search_term_string"}}],"inLanguage":"it-IT"}]}},"_links":{"self":[{"href":"https:\/\/www.guion78.com\/wordpress\/wp-json\/wp\/v2\/pages\/1388","targetHints":{"allow":["GET"]}}],"collection":[{"href":"https:\/\/www.guion78.com\/wordpress\/wp-json\/wp\/v2\/pages"}],"about":[{"href":"https:\/\/www.guion78.com\/wordpress\/wp-json\/wp\/v2\/types\/page"}],"author":[{"embeddable":true,"href":"https:\/\/www.guion78.com\/wordpress\/wp-json\/wp\/v2\/users\/1"}],"replies":[{"embeddable":true,"href":"https:\/\/www.guion78.com\/wordpress\/wp-json\/wp\/v2\/comments?post=1388"}],"version-history":[{"count":0,"href":"https:\/\/www.guion78.com\/wordpress\/wp-json\/wp\/v2\/pages\/1388\/revisions"}],"wp:attachment":[{"href":"https:\/\/www.guion78.com\/wordpress\/wp-json\/wp\/v2\/media?parent=1388"}],"curies":[{"name":"wp","href":"https:\/\/api.w.org\/{rel}","templated":true}]}}