{"id":198,"date":"2006-11-03T19:48:15","date_gmt":"2006-11-03T17:48:15","guid":{"rendered":"http:\/\/www.guion78.com\/wordpress\/?page_id=198"},"modified":"2015-03-28T15:59:43","modified_gmt":"2015-03-28T14:59:43","slug":"note-legali","status":"publish","type":"page","link":"https:\/\/www.guion78.com\/wordpress\/note-legali\/","title":{"rendered":"NOTE LEGALI"},"content":{"rendered":"<p style=\"text-align: justify;\">I materiali disponibili in questo sito, inclusi i documenti raggiungibili direttamente o indirettamente tramite link, vengono forniti \u201ccos\u00ec come sono\u201d senza fornire alcuna garanzia, espressa o implicita da vizi e\/o difetti che ne possano impedire o limitare l\u2019utilizzo, includendo, senza alcuna limitazione, le implicite garanzie di commerciabilit\u00e0, idoneit\u00e0 ad un uso specifico o di non violazione dei diritti di propriet\u00e0 intellettuale e\/o industriale. Non garantisco in particolare che i documenti siano privi di errori, virus, diffamazioni, offese o altri contenuti pregiudizievoli, rimanendo a carico dell\u2019utente ogni spesa per ogni intervento di riparazione o correzione. Questo sito pu\u00f2, inoltre, contenere pubblicazioni con inesattezze tecniche o errori tipografici che verranno corretti ad esclusiva mia discrezione. Inoltre, periodicamente, vengono apportati dei cambiamenti alle informazioni contenute nel presente portale.<br \/>\nNel sito guion78.com sono disponibili alcuni collegamenti a siti Web di altri portali. Se si utilizzano questi collegamenti, si esce dal presente sito. guion78.com non ha esaminato tali siti, n\u00e9 li gestisce o \u00e8 responsabile per il materiale in essi contenuto, rimanendo espressamente esonerato da qualsiasi obbligo di sorveglianza sul loro contenuto e\/o di ricerca di materiale pregiudizievole per l\u2019utente. guion78.com, pertanto non offre alcuna garanzia in relazione al contenuto, alle informazioni, al software, ad altri prodotti, materiale o eventuali risultati ottenuti in tali siti. L\u2019accesso ai siti tramite i collegamenti presenti su questo sito rimane di esclusiva responsabilit\u00e0 dell\u2019utente.<\/p>\n<p style=\"text-align: justify;\">L\u2019utente accetta di utilizzare questo sito solo per scopi legittimi. \u00c8 possibile scaricare su un singolo computer una copia delle informazioni contenute in questo sito e utilizzarla per uso esclusivamente privato e non commerciale. L\u2019utilizzo di qualunque software scaricabile dal sito deve sottostare ai termini della relativa licenza associata o acclusa al software. Tutti i marchi registrati, i marchi di servizi e i nomi registrati in questo sito sono marchi dei rispettivi proprietari e ne \u00e8 quindi severamente vietato qualunque uso non autorizzato.<\/p>\n<p style=\"text-align: justify;\">L\u2019utente acconsente a manlevare, tutelare e considerare guion78.com indenne da ogni possibile pretesa, perdita, responsabilit\u00e0, danno o spesa (incluse le spese legali) comunque connesse o derivanti dall\u2019uso di questo sito.<\/p>\n<p style=\"text-align: justify;\">Guion78.com non garantisce l\u2019accuratezza delle informazioni contenute in questo sito in riferimento ai paesi extraeuropei. In particolare non mi assumo alcuna responsabilit\u00e0 per l\u2019accuratezza delle informazioni sui siti presentati su questo sito in relazione a qualsiasi paese al di fuori dell\u2019Italia.<\/p>\n<p style=\"text-align: justify;\">Le condizioni di utilizzo devono essere regolate in base alla legge italiana. Guion78.com si riserva il diritto di aggiungere, cancellare o modificare in tutto o in parte le condizioni di utilizzo in ogni momento anche senza preavviso.<\/p>\n<p style=\"text-align: justify;\">L\u2019utente dichiara di essere a conoscenza che i dati personali da lui forniti o comunque acquisiti attraverso il portale www.guion78.com nell\u2019ambito delle attivit\u00e0 previste in questo sito potranno formare oggetto di trattamento ai sensi dell\u2019art. 13 del D. LGS. n\u00b0 196\/03 in materia di privacy. Titolare del trattamento \u00e8 la Guion Matteo.\u00a0 L\u2019utente ha diritto, ai sensi dell\u2019art. 7 del Decreto n\u00b0 196\/03 all\u2019aggiornamento, alla rettificazione, integrazione, cancellazione, trasformazione in forma anonima o al blocco dei dati trattati in violazione di legge, opposizione, richiesta delle informazioni di cui al primo capoverso e di cui alle lettere a), b), c), d) ed e) del secondo capoverso. I dati personali forniti sono raccolti e trattati da guion78.com in forma elettronica in conformit\u00e0 alla normativa sulla privacy e saranno utilizzati solo per le finalit\u00e0 richieste nel portale internet.<\/p>\n<p style=\"text-align: justify;\">Microsoft, Windows, Windows NT, SQL Server, Office e BackOffice sono marchi o marchi registrati di Microsoft Corporation.<\/p>\n<p style=\"text-align: justify;\">Intel e Pentium sono marchi registrati di Intel Corporation<\/p>\n<p style=\"text-align: justify;\">I nomi degli altri prodotti o societ\u00e0 menzionati possono essere marchi registrati o marchi di servizi di propriet\u00e0 dei rispettivi proprietari. Tutti i contenuti sono copyright \u00a9 2006 di www.guion78.com<\/p>\n","protected":false},"excerpt":{"rendered":"<p>I materiali disponibili in questo sito, inclusi i documenti raggiungibili direttamente o indirettamente tramite link, vengono forniti \u201ccos\u00ec come sono\u201d senza fornire alcuna garanzia, espressa o implicita da vizi e\/o difetti che ne possano impedire o limitare l\u2019utilizzo, includendo, senza alcuna limitazione, le implicite garanzie di commerciabilit\u00e0, idoneit\u00e0 ad un uso specifico o di non [&hellip;]<\/p>\n","protected":false},"author":1,"featured_media":0,"parent":0,"menu_order":7,"comment_status":"closed","ping_status":"closed","template":"white.php","meta":{"_bbp_topic_count":0,"_bbp_reply_count":0,"_bbp_total_topic_count":0,"_bbp_total_reply_count":0,"_bbp_voice_count":0,"_bbp_anonymous_reply_count":0,"_bbp_topic_count_hidden":0,"_bbp_reply_count_hidden":0,"_bbp_forum_subforum_count":0,"ngg_post_thumbnail":0,"footnotes":""},"class_list":["post-198","page","type-page","status-publish","hentry"],"yoast_head":"<!-- This site is optimized with the Yoast SEO plugin v27.5 - https:\/\/yoast.com\/product\/yoast-seo-wordpress\/ -->\n<title>NOTE LEGALI - Guion Matteo<\/title>\n<meta name=\"robots\" content=\"index, follow, max-snippet:-1, max-image-preview:large, max-video-preview:-1\" \/>\n<link rel=\"canonical\" href=\"https:\/\/www.guion78.com\/wordpress\/note-legali\/\" \/>\n<meta property=\"og:locale\" content=\"it_IT\" \/>\n<meta property=\"og:type\" content=\"article\" \/>\n<meta property=\"og:title\" content=\"NOTE LEGALI - Guion Matteo\" \/>\n<meta property=\"og:description\" content=\"I materiali disponibili in questo sito, inclusi i documenti raggiungibili direttamente o indirettamente tramite link, vengono forniti \u201ccos\u00ec come sono\u201d senza fornire alcuna garanzia, espressa o implicita da vizi e\/o difetti che ne possano impedire o limitare l\u2019utilizzo, includendo, senza alcuna limitazione, le implicite garanzie di commerciabilit\u00e0, idoneit\u00e0 ad un uso specifico o di non [&hellip;]\" \/>\n<meta property=\"og:url\" content=\"https:\/\/www.guion78.com\/wordpress\/note-legali\/\" \/>\n<meta property=\"og:site_name\" content=\"Guion Matteo\" \/>\n<meta property=\"article:publisher\" content=\"https:\/\/www.facebook.com\/BlogMatteoGuion\/\" \/>\n<meta property=\"article:modified_time\" content=\"2015-03-28T14:59:43+00:00\" \/>\n<meta name=\"twitter:label1\" content=\"Tempo di lettura stimato\" \/>\n\t<meta name=\"twitter:data1\" content=\"3 minuti\" \/>\n<script type=\"application\/ld+json\" class=\"yoast-schema-graph\">{\"@context\":\"https:\\\/\\\/schema.org\",\"@graph\":[{\"@type\":\"WebPage\",\"@id\":\"https:\\\/\\\/www.guion78.com\\\/wordpress\\\/note-legali\\\/\",\"url\":\"https:\\\/\\\/www.guion78.com\\\/wordpress\\\/note-legali\\\/\",\"name\":\"NOTE LEGALI - Guion Matteo\",\"isPartOf\":{\"@id\":\"https:\\\/\\\/www.guion78.com\\\/wordpress\\\/#website\"},\"datePublished\":\"2006-11-03T17:48:15+00:00\",\"dateModified\":\"2015-03-28T14:59:43+00:00\",\"breadcrumb\":{\"@id\":\"https:\\\/\\\/www.guion78.com\\\/wordpress\\\/note-legali\\\/#breadcrumb\"},\"inLanguage\":\"it-IT\",\"potentialAction\":[{\"@type\":\"ReadAction\",\"target\":[\"https:\\\/\\\/www.guion78.com\\\/wordpress\\\/note-legali\\\/\"]}]},{\"@type\":\"BreadcrumbList\",\"@id\":\"https:\\\/\\\/www.guion78.com\\\/wordpress\\\/note-legali\\\/#breadcrumb\",\"itemListElement\":[{\"@type\":\"ListItem\",\"position\":1,\"name\":\"Home\",\"item\":\"https:\\\/\\\/www.guion78.com\\\/wordpress\\\/\"},{\"@type\":\"ListItem\",\"position\":2,\"name\":\"NOTE LEGALI\"}]},{\"@type\":\"WebSite\",\"@id\":\"https:\\\/\\\/www.guion78.com\\\/wordpress\\\/#website\",\"url\":\"https:\\\/\\\/www.guion78.com\\\/wordpress\\\/\",\"name\":\"Guion Matteo\",\"description\":\"Il Blog ? finalizzato a dare una mano nei problemi informatici di tutti i giorni a tutti quelli a cui pu\u00f2 essere utile, spiegato in modo semplice e passo a passo\",\"potentialAction\":[{\"@type\":\"SearchAction\",\"target\":{\"@type\":\"EntryPoint\",\"urlTemplate\":\"https:\\\/\\\/www.guion78.com\\\/wordpress\\\/?s={search_term_string}\"},\"query-input\":{\"@type\":\"PropertyValueSpecification\",\"valueRequired\":true,\"valueName\":\"search_term_string\"}}],\"inLanguage\":\"it-IT\"}]}<\/script>\n<!-- \/ Yoast SEO plugin. -->","yoast_head_json":{"title":"NOTE LEGALI - Guion Matteo","robots":{"index":"index","follow":"follow","max-snippet":"max-snippet:-1","max-image-preview":"max-image-preview:large","max-video-preview":"max-video-preview:-1"},"canonical":"https:\/\/www.guion78.com\/wordpress\/note-legali\/","og_locale":"it_IT","og_type":"article","og_title":"NOTE LEGALI - Guion Matteo","og_description":"I materiali disponibili in questo sito, inclusi i documenti raggiungibili direttamente o indirettamente tramite link, vengono forniti \u201ccos\u00ec come sono\u201d senza fornire alcuna garanzia, espressa o implicita da vizi e\/o difetti che ne possano impedire o limitare l\u2019utilizzo, includendo, senza alcuna limitazione, le implicite garanzie di commerciabilit\u00e0, idoneit\u00e0 ad un uso specifico o di non [&hellip;]","og_url":"https:\/\/www.guion78.com\/wordpress\/note-legali\/","og_site_name":"Guion Matteo","article_publisher":"https:\/\/www.facebook.com\/BlogMatteoGuion\/","article_modified_time":"2015-03-28T14:59:43+00:00","twitter_misc":{"Tempo di lettura stimato":"3 minuti"},"schema":{"@context":"https:\/\/schema.org","@graph":[{"@type":"WebPage","@id":"https:\/\/www.guion78.com\/wordpress\/note-legali\/","url":"https:\/\/www.guion78.com\/wordpress\/note-legali\/","name":"NOTE LEGALI - Guion Matteo","isPartOf":{"@id":"https:\/\/www.guion78.com\/wordpress\/#website"},"datePublished":"2006-11-03T17:48:15+00:00","dateModified":"2015-03-28T14:59:43+00:00","breadcrumb":{"@id":"https:\/\/www.guion78.com\/wordpress\/note-legali\/#breadcrumb"},"inLanguage":"it-IT","potentialAction":[{"@type":"ReadAction","target":["https:\/\/www.guion78.com\/wordpress\/note-legali\/"]}]},{"@type":"BreadcrumbList","@id":"https:\/\/www.guion78.com\/wordpress\/note-legali\/#breadcrumb","itemListElement":[{"@type":"ListItem","position":1,"name":"Home","item":"https:\/\/www.guion78.com\/wordpress\/"},{"@type":"ListItem","position":2,"name":"NOTE LEGALI"}]},{"@type":"WebSite","@id":"https:\/\/www.guion78.com\/wordpress\/#website","url":"https:\/\/www.guion78.com\/wordpress\/","name":"Guion Matteo","description":"Il Blog ? finalizzato a dare una mano nei problemi informatici di tutti i giorni a tutti quelli a cui pu\u00f2 essere utile, spiegato in modo semplice e passo a passo","potentialAction":[{"@type":"SearchAction","target":{"@type":"EntryPoint","urlTemplate":"https:\/\/www.guion78.com\/wordpress\/?s={search_term_string}"},"query-input":{"@type":"PropertyValueSpecification","valueRequired":true,"valueName":"search_term_string"}}],"inLanguage":"it-IT"}]}},"_links":{"self":[{"href":"https:\/\/www.guion78.com\/wordpress\/wp-json\/wp\/v2\/pages\/198","targetHints":{"allow":["GET"]}}],"collection":[{"href":"https:\/\/www.guion78.com\/wordpress\/wp-json\/wp\/v2\/pages"}],"about":[{"href":"https:\/\/www.guion78.com\/wordpress\/wp-json\/wp\/v2\/types\/page"}],"author":[{"embeddable":true,"href":"https:\/\/www.guion78.com\/wordpress\/wp-json\/wp\/v2\/users\/1"}],"replies":[{"embeddable":true,"href":"https:\/\/www.guion78.com\/wordpress\/wp-json\/wp\/v2\/comments?post=198"}],"version-history":[{"count":0,"href":"https:\/\/www.guion78.com\/wordpress\/wp-json\/wp\/v2\/pages\/198\/revisions"}],"wp:attachment":[{"href":"https:\/\/www.guion78.com\/wordpress\/wp-json\/wp\/v2\/media?parent=198"}],"curies":[{"name":"wp","href":"https:\/\/api.w.org\/{rel}","templated":true}]}}